{"id":7627,"date":"2021-02-08T09:20:38","date_gmt":"2021-02-08T08:20:38","guid":{"rendered":"http:\/\/www.gms.ilsfeld.de\/inside\/?page_id=7627"},"modified":"2022-02-20T11:36:37","modified_gmt":"2022-02-20T10:36:37","slug":"anmeldung","status":"publish","type":"page","link":"https:\/\/www.gms.ilsfeld.de\/inside\/anmeldung\/","title":{"rendered":"Anmeldung"},"content":{"rendered":"<section class=\"l-section wpb_row height_medium\"><div class=\"l-section-h i-cf\"><div class=\"g-cols vc_row via_flex valign_top type_default stacking_default\"><div class=\"vc_col-sm-12 wpb_column vc_column_container\"><div class=\"vc_column-inner\"><div class=\"wpb_wrapper\"><div class=\"w-actionbox color_primary controls_right\"><div class=\"w-actionbox-text\"><h2 class=\"w-actionbox-title\" style=\"font-size:Anmeldung\">ANMELDUNG 2022<\/h2><div class=\"w-actionbox-description\"><p>Anmeldung zur Aufnahme in Klasse 5 an der Steinbeis Gemeinschaftsschule Ilsfeld f\u00fcr das Schuljahr 2022\/23<\/p>\n<p>Wir freuen uns, dass dieses Jahr so viele Eltern Interesse an unserer Schule gezeigt haben! F\u00fcr die Aufnahme in die Klasse 5 gelten folgende Anmeldetermine:<\/p>\n<p>Montag, den 07.03.2022 von 8:00 Uhr &#8211; 13:00 Uhr<br \/>\nDienstag, den 08.03.2022 von 8:00 Uhr &#8211; 13:00 Uhr &amp; 14:00 Uhr &#8211; 16:00 Uhr<br \/>\nMittwoch, den 09.03.2022 von 8:00 Uhr &#8211; 13:00 Uhr<br \/>\nDonnerstag, den 11.03.2022 von 8:00 Uhr &#8211; 13:00 Uhr &amp; 14:00 Uhr &#8211; 16.00 Uhr.<\/p>\n<p>Bitte bringen Sie folgende Unterlagen mit:<\/p>\n<p>\u2022 Geburtsurkunde des Kindes<br \/>\n\u2022 Grundschulempfehlung Blatt 3 und 4<br \/>\n\u2022 Nachweis \u00fcber einen ausreichenden Impfschutz gegen Masern (Pflicht seit 1.M\u00e4rz 2020, kann auch bis zu Schuljahresbeginn nachgereicht werden)<br \/>\n\u2022 Ggf. Sorgerechtsbescheid<br \/>\n\u2022 Fahrsch\u00fcler beantragen am Anmeldetag die Sch\u00fclermonatskarten. Wir ben\u00f6tigen ein aktuelles Passbild und f\u00fcr die Abbuchung des monatlichen Eigenanteils Ihre Bankverbindung (IBAN)<br \/>\n\u2022 Auch der Mensachip kann bereits bei der Anmeldung gegen 5 Euro Pfand beantragt werden.<br \/>\n\u2022 Zur schnelleren Abwicklung k\u00f6nnen Sie das Anmeldeformular herunterladen und bereits ausgef\u00fcllt mitbringen.<\/p>\n<p>Wir freuen uns auf Ihr Kind!<\/p>\n<\/div><\/div><div class=\"w-actionbox-controls\"><a class=\"w-btn us-btn-style_2\" href=\"https:\/\/www.gms.ilsfeld.de\/wp-content\/uploads\/2020\/03\/ANMELDEFORMULAR.pdf\"><span class=\"w-btn-label\">Anmeldeformular<\/span><\/a><\/div><\/div><\/div><\/div><\/div><\/div><\/div><\/section><section class=\"l-section wpb_row us_custom_1ee04ee7 height_medium\"><div class=\"l-section-h i-cf\"><div class=\"g-cols vc_row via_flex valign_top type_default stacking_default\"><div class=\"vc_col-sm-12 wpb_column vc_column_container\"><div class=\"vc_column-inner\"><div class=\"wpb_wrapper\"><div class=\"wpb_text_column\"><div class=\"wpb_wrapper\"><p style=\"text-align: center;\">Wir freuen uns, Ihr Kind an der Steinbeis GMS begr\u00fc\u00dfen zu d\u00fcrfen.<\/p>\n<p style=\"text-align: center;\"><img loading=\"lazy\" decoding=\"async\" class=\"aligncenter wp-image-7285\" src=\"https:\/\/www.gms.ilsfeld.de\/wp-content\/uploads\/2018\/03\/Anker_s.png\" alt=\"\" width=\"100\" height=\"100\" \/>Die pers\u00f6nliche Anmeldung erfolgt im Sekretariat bei Frau Strauch.<\/p>\n<p style=\"text-align: center;\">Falls Ihr Kind eine Busfahrkarte ben\u00f6tigt, bringen Sie bitte ein Foto Ihres Kindes zur Anmeldung mit. Gerne d\u00fcrfen Sie unseren Aufnahmebogen ausdrucken und bereits ausgef\u00fcllt mitbringen.<\/p>\n<p style=\"text-align: center;\">Hier geht es direkt zum:<\/p>\n<\/div><\/div><\/div><\/div><\/div><\/div><\/div><\/section><section class=\"l-section wpb_row height_medium\"><div class=\"l-section-h i-cf\"><div class=\"g-cols vc_row via_flex valign_top type_default stacking_default\"><div class=\"vc_col-sm-12 wpb_column vc_column_container\"><div class=\"vc_column-inner\"><div class=\"wpb_wrapper\"><div class=\"ult-just-icon-wrapper  \"><div class=\"align-icon\" style=\"text-align:center;\">\n<a class=\"aio-tooltip 6a00750851ca9\" href=\"http:\/\/www.gms.ilsfeld.de\/wp-content\/uploads\/2020\/03\/ANMELDEFORMULAR.pdf\"  data-toggle=\"tooltip\" data-placement=\"\"><div class=\"aio-icon-img \" style=\"font-size:250px;display:inline-block;\" >\n\t<img decoding=\"async\" class=\"img-icon\" alt=\"null\" src=\"https:\/\/www.gms.ilsfeld.de\/wp-content\/uploads\/2019\/10\/61A83085-7FC2-4552-9F96-CD4B9E9D96FF.png\"\/>\n<\/div><\/a><\/div><\/div><\/div><\/div><\/div><\/div><\/div><\/section><section class=\"l-section wpb_row height_medium\"><div class=\"l-section-h i-cf\"><div class=\"g-cols vc_row via_flex valign_top type_default stacking_default\"><div class=\"vc_col-sm-12 wpb_column vc_column_container\"><div class=\"vc_column-inner\"><div class=\"wpb_wrapper\"><div id=\"uvc-type-wrap-8712\"  data-ultimate-target='#uvc-type-wrap-8712'  data-responsive-json-new='{\"font-size\":\"\",\"line-height\":\"\"}'  class=\"uvc-type-wrap  ult-adjust-bottom-margin ult-responsive  uvc-type-align-center uvc-type-no-prefix uvc-wrap-41016121416a00750852342\" style=\"text-align:center;\"><span id=\"typed-41016121416a00750852342\" class=\"ultimate-typed-main \" style=\"color:#526a8a; font-weight:bold; text-transform: unset;\"><\/span><script type=\"text\/javascript\">\n\t\t\t\t\t\tjQuery(function($){ \n\t\t\t\t\t\t\t$(document).ready(function(){\n\t\t\t\t\t\t\t\tif( typeof jQuery(\"#typed-41016121416a00750852342\").typed == \"function\"){\n\t\t\t\t\t\t\t\t\t$(\"#typed-41016121416a00750852342\").typed({\n\t\t\t\t\t\t\t\t\t\tstrings: [\"Wir glauben an Ihr Kind!\"],\n\t\t\t\t\t\t\t\t\t\ttypeSpeed: 35,\n\t\t\t\t\t\t\t\t\t\tbackSpeed: 0,\n\t\t\t\t\t\t\t\t\t\tstartDelay: \"200\",\n\t\t\t\t\t\t\t\t\t\tbackDelay: \"1500\",\n\t\t\t\t\t\t\t\t\t\tloop: true,\n\t\t\t\t\t\t\t\t\t\tloopCount: false,\n\t\t\t\t\t\t\t\t\t\tshowCursor: true,\n\t\t\t\t\t\t\t\t\t\tcursorChar: \"|\",\n\t\t\t\t\t\t\t\t\t\tattr: null\n\t\t\t\t\t\t\t\t\t});\n\t\t\t\t\t\t\t\t}\n\t\t\t\t\t\t\t});\n\t\t\t\t\t\t});\n\t\t\t\t\t<\/script><\/div><\/div><\/div><\/div><\/div><\/div><\/section>\n","protected":false},"excerpt":{"rendered":"ANMELDUNG 2022Anmeldung zur Aufnahme in Klasse 5 an der Steinbeis Gemeinschaftsschule Ilsfeld f\u00fcr das Schuljahr 2022\/23 Wir freuen uns, dass dieses Jahr so viele Eltern Interesse an unserer Schule gezeigt...","protected":false},"author":1,"featured_media":0,"parent":0,"menu_order":0,"comment_status":"closed","ping_status":"closed","template":"","meta":{"footnotes":""},"class_list":["post-7627","page","type-page","status-publish","hentry"],"_links":{"self":[{"href":"https:\/\/www.gms.ilsfeld.de\/inside\/wp-json\/wp\/v2\/pages\/7627","targetHints":{"allow":["GET"]}}],"collection":[{"href":"https:\/\/www.gms.ilsfeld.de\/inside\/wp-json\/wp\/v2\/pages"}],"about":[{"href":"https:\/\/www.gms.ilsfeld.de\/inside\/wp-json\/wp\/v2\/types\/page"}],"author":[{"embeddable":true,"href":"https:\/\/www.gms.ilsfeld.de\/inside\/wp-json\/wp\/v2\/users\/1"}],"replies":[{"embeddable":true,"href":"https:\/\/www.gms.ilsfeld.de\/inside\/wp-json\/wp\/v2\/comments?post=7627"}],"version-history":[{"count":6,"href":"https:\/\/www.gms.ilsfeld.de\/inside\/wp-json\/wp\/v2\/pages\/7627\/revisions"}],"predecessor-version":[{"id":7748,"href":"https:\/\/www.gms.ilsfeld.de\/inside\/wp-json\/wp\/v2\/pages\/7627\/revisions\/7748"}],"wp:attachment":[{"href":"https:\/\/www.gms.ilsfeld.de\/inside\/wp-json\/wp\/v2\/media?parent=7627"}],"curies":[{"name":"wp","href":"https:\/\/api.w.org\/{rel}","templated":true}]}}